+ 24 + 30. What is the units digit of t?
9
Let i(l) = 13*l + 17. Let t(f) = -f - 1. Let s(a) = -a + 3. Let m be s(4). Let v(g) = m*i(g) - 3*t(g). What is the tens digit of v(-6)?
4
What is the units digit of (-4 + 3)/((-3)/1914)?
8
Let k(b) = 63*b**3 - b**2 + 1. Let q be k(1). Suppose 6*j = 69 + q. What is the tens digit of j?
2
Suppose 35*x = 3318 + 672. What is the tens digit of x?
1
Let c = 182 + -109. Suppose -9*z = -44 - c. What is the units digit of z?
3
Suppose j = -2*j. Let h(g) be the third derivative of g**5/60 + g**4/24 + 19*g**3/6 - 2*g**2. What is the tens digit of h(j)?
1
Suppose 4*d = d + 246. Suppose 111 = 5*c + 4*o, -5*c = -3*o - d - 36. What is the tens digit of c?
2
What is the units digit of ((-94)/3)/((-23)/69)?
4
Let k(q) = 4*q**2 - 21*q + 26. What is the units digit of k(28)?
4
Let b(h) be the first derivative of 3*h**2/2 - 14*h + 13. What is the tens digit of b(12)?
2
What is the tens digit of (-15*(-24)/(-36))/((-2)/29)?
4
What is the thousands digit of (-1)/9 - (-607361)/207?
2
Let q be (19/(1 + -2))/1. Let m(u) = -u**3 - 21*u**2 - 38*u + 28. What is the units digit of m(q)?
8
Let s(b) = -3 + 0 - b**2 - 1 + 14*b - 6. Suppose 9 = 5*g + n - 50, -5*n + 64 = 4*g. What is the units digit of s(g)?
3
Let i(k) = -k + 1. Suppose -4*p + 14 = 5*h, 3*h + 13 = 5*p + 7*h. Let f(g) = -g**2 + 21*g - 19. Let d(j) = p*f(j) + 2*i(j). What is the units digit of d(18)?
1
Let y(d) = 16 - 12*d - d**2 + 0*d - 4 - 4. What is the tens digit of y(-8)?
4
Suppose -3*a - 412 = -0*l + 5*l, -4*l - 329 = 3*a. Let k = -33 - l. What is the units digit of k?
0
Suppose -5*k + 3*k + 2*q + 494 = 0, 0 = 4*k - 2*q - 990. What is the tens digit of k?
4
Suppose -3*t + 5*j = -26, 0 = 4*t - 0*t + 2*j. Let s be 4*t*3/2. Suppose -3*h = w - s, 7 = -2*h + 4*w + 1. What is the units digit of h?
3
Suppose -16*z + 24993 = -34959. What is the thousands digit of z?
3
Let a = 802 + 36. What is the units digit of a?
8
What is the units digit of (-12)/(-5)*28690/76?
6
Let v(z) = -9 - z**2 - 2 - 13*z + 8. Let a = 12 - 21. What is the units digit of v(a)?
3
Let w(x) be the first derivative of 13/2*x**2 + 5*x - 6 - 13/3*x**3 - 1/4*x**4. What is the tens digit of w(-14)?
1
Let c(z) = 4*z + 3. Let i be c(-1). Let y = -1 + i. What is the tens digit of 63 + -10 + (-2)/y?
5
Let z(t) = 2*t**2 - 38*t + 35. What is the tens digit of z(-15)?
5
Let c(m) = m**3 - m**2 - m + 17. Suppose -f - i = -3*i - 10, -5 = -f + i. Let j be c(f). Suppose 4*t - j = 3*t. What is the tens digit of t?
1
What is the thousands digit of -4 + 3398 - (-1 + 3)?
3
Let y be 3*2/(-3)*-4. Let k be (5/(-10))/(1/2). Let n = y - k. What is the units digit of n?
9
Suppose 3146 + 186 = 14*p. What is the units digit of p?
8
Suppose -10*j + 6*j - 88 = 0. Let t = -21 - j. What is the tens digit of (74 - 0) + 1 - t?
7
Let w(d) = -d**3 - 8*d**2 + 6*d. Let a be w(-9). Suppose -n = -53 - a. What is the units digit of n?
0
Let v = 3038 - 1561. What is the tens digit of v?
7
Let t = 1095 + -553. What is the hundreds digit of t?
5
What is the thousands digit of 1693 + 11 + 0 - -7?
1
Let a = 330 + -298. What is the tens digit of a?
3
Let x(z) = z**2 - 12*z + 3. Let q(l) = -l**2 + 9*l - 6. Let c be q(6). Let g be x(c). What is the tens digit of 137/g + 6/(-9)?
4
Let z(c) = 3*c**2 + 12*c + 11. Let k be 1/3 + (-220)/30. What is the units digit of z(k)?
4
Let j be 0 - (-1 + 0 + -116). Suppose -4*i = -i - j. What is the units digit of i?
9
Let v = 1846 - -308. What is the tens digit of v?
5
Let c(r) = r**2 - 11*r - 32. Let j be c(14). Suppose 5*x - j*x + 395 = 0. What is the tens digit of x?
7
Let o = -72 - -2. Let p = -8 - o. What is the units digit of p?
2
Suppose -141*z = -144*z + 1152. What is the tens digit of z?
8
Let s(l) = -l**2 - 10*l - 26. Let p be s(-8). Let k(y) = -11*y - 2. What is the units digit of k(p)?
8
Let q = -99 - -104. Suppose q*t = -t + 204. What is the units digit of t?
4
Let l = -323 + 575. Let n = l - 171. What is the tens digit of n?
8
Let r(n) = 3*n**3 - 2*n + 598. What is the tens digit of r(0)?
9
Suppose -9263 = -22*m - 309. What is the hundreds digit of m?
4
Let n = 29 + -27. What is the tens digit of 630/7*2/n?
9
Suppose 0 = 4*g + 232 + 184. What is the tens digit of (-3104)/g - (-2)/13?
3
Let n(v) = -v**3 - 4*v**2 + 22*v + 20. What is the units digit of n(-10)?
0
Let f = 15 + -6. Suppose f = -2*g + 15. Suppose 0*u - u = -2*w - 3, 0 = -g*u - 2*w + 41. What is the tens digit of u?
1
Suppose 50*x - 42*x = 26952. What is the thousands digit of x?
3
Let t(x) = 6*x**2 - x + 3. Suppose -12 = -3*u - 3. Let w be t(u). Suppose -5*f + 70 = 5*r, 2*r - 3*f = -16 + w. What is the units digit of r?
6
Let f = 10 + -6. Suppose -4*i + f + 0 = 2*n, 3*i - 5 = -n. Suppose i*v - 18 = 2*v. What is the tens digit of v?
1
Suppose 7 + 33 = 5*a. Suppose 0 = -7*c + a*c. Suppose b + b - 58 = c. What is the tens digit of b?
2
Let y(z) = z + 9. Let l be y(-7). Suppose 2*v - v - 65 = -l*t, t = -2*v + 115. Let h = -29 + v. What is the tens digit of h?
2
Let a(y) = -3*y - 14. Let x be a(-8). What is the tens digit of x/(-15) - 148/(-6)?
2
Suppose 2 = 2*f + 2*q, -3 = -5*f - 4*q + 1. Suppose -2646 = -18*m - f*m. What is the tens digit of m?
4
Suppose -4*d = d. Suppose n = -d*n + 69. What is the tens digit of n?
6
Suppose 0 = -5*i + 2*x - 249, 2*i - 3*i = 2*x + 45. What is the units digit of (-1876)/i - (-8)/(-28)?
8
Let c = -20 - -31. Let s = c - 8. Suppose 26 = -2*h + s*h. What is the units digit of h?
6
Suppose 12117 = 3*u - 2*c, 16*u - 18*u + 3*c = -8073. What is the tens digit of u?
4
Let l(j) = -2*j**3 - 3*j**2 - 6*j - 9. Let a be l(-2). Suppose -2*v - 545 = -a*v - 5*z, 15 = -3*z. What is the tens digit of v?
1
Let l(o) = -o**2 + 2*o - 1. Let t be l(4). Let h = -12 - t. What is the units digit of 6 + h + -5 + 3?
1
What is the tens digit of 209232/90 + 4/(-5)?
2
Let x(h) = 2*h + 36. Let a be x(-17). Let d = 28 + a. What is the units digit of d?
0
Let p be (-12)/(-54) - (-25)/9. Let c be (-147 + p)/(3/(-2)). What is the units digit of c/9 - (-4)/(-6)?
0
Suppose -2*x + 0*x = -11*x. Suppose x*o + 744 = 4*o - 3*t, -3*o + t = -563. What is the units digit of o?
9
Let p be 2 - -2 - (-9 + 0). Let i = p - 11. Suppose 3*d = -i*l + 48, d + l = -2*d + 48. What is the units digit of d?
6
Suppose 617 = 6*f - 5*f. What is the tens digit of f?
1
Suppose 0 = 5*a - 920 - 2880. What is the tens digit of a?
6
Suppose 38 = -q + 4*w, -2*q + 2*w = -q + 44. What is the units digit of (-276)/(-3) - q/(-10)?
7
Let t(s) = 2*s**2. Let m be t(-1). Suppose 90 = m*x + x. Let v = x - 11. What is the units digit of v?
9
Let v(a) = 2*a + 6 + 2 - a. Let f be v(-6). Suppose 2*g + 2*m - 1 = g, 0 = -3*g - f*m + 19. What is the units digit of g?
9
Let v(x) = -x. Let a = -11 + 8. Let s(b) = -b**2 + 4*b - 1. Let w(n) = a*s(n) - 8*v(n). What is the units digit of w(4)?
5
Let k = -32 + 33. Suppose 0 = i + k, -2*i = -0*m + 2*m - 306. Suppose -7*h = -490 + m. What is the tens digit of h?
4
Suppose 0 = g - 4 + 9. Let j(b) = -b**2 - 7*b - 5. Let n be j(g). Suppose -4*m + 113 = 3*t, -n*m - 57 - 65 = -3*t. What is the units digit of t?
9
What is the tens digit of 56/(-6)*((-789)/7 - 3)?
8
Let r(s) be the first derivative of 3*s**2 - 11. Let z be r(-5). Let t = -9 - z. What is the units digit of t?
1
Let v(m) = m**2 - m + 1. Let r be v(1). Let a be 60/4 + (0 - r). Suppose 3*z - 6 = 3*l, 0*z - a = -3*l - 2*z. What is the units digit of l?
2
What is the tens digit of -1*(-8 - -4 - 393)?
9
Suppose 5*s = 4*p - 5*p + 9, s = p + 3. Let y be (6*-1 - -1) + s. What is the tens digit of (-18 - -6)/(2/y)?
1
Let j(c) = 11*c**3 - 5*c**2 - 7*c + 11. What is the tens digit of j(4)?
0
Suppose -5*w = -0*w. Suppose w = -4*t, 8*u + 2*t = 3*u + 25. Suppose z = 2, -i - u = -4*z - 6. What is the units digit of i?
9
Let z be (12/8)/(1/54). Suppose 2*d - 477 = -z. What is the hundreds digit of d?
1
Let d = 6086 - 3627. What is the thousands digit of d?
2
What is the units digit of 752/15 + (-10)/75?
0
Let y(s) = -s**3 + 7*s**2 + 6*s - 10. Suppose 63*t - 59*t = 20. What is the units digit of y(t)?
0
Let m be (0 - -3) + (-200)/(-4). Suppose m = 5*g - 5*o - 52, -3*g + 95 = 5*o. What is the tens digit of g?
2
Let v be (2 + 25/(-10))*-4. Suppose 5*m - 510 = -v*l, 0 = -2*l - 2*l. What is the units digit of 